- 268. Determine k(-6).
14
Let u(h) = 41*h - 482. Determine u(11).
-31
Let s(u) = -u**3 - 9*u**2 - 35*u - 22. What is s(-4)?
38
Let b(r) = r**2 - 28*r - 19. Determine b(14).
-215
Let b(k) = 27*k**2 + 7254*k - 2411. What is b(-269)?
10
Let o(z) = z**2 - 19*z - 347. Determine o(-11).
-17
Let d(y) = -598*y - 3561. Give d(-6).
27
Let q(w) = w**3 - 13*w**2 + 39*w + 11. Give q(7).
-10
Let o(b) = 38*b - 207. Give o(6).
21
Let s(x) = x**2 + 127*x - 383. Give s(-130).
7
Let l(h) = -h**3 + 26*h**2 - 125*h + 55. Determine l(20).
-45
Let u(d) = -d**2 - 9*d + 11. Determine u(4).
-41
Let l(v) = 5*v**2 + 137*v - 18. Calculate l(-29).
214
Let y(t) = 947*t**2 - 2830*t - 32. What is y(3)?
1
Let v(a) = 13*a + 1165. Give v(-90).
-5
Let t(x) = -x**3 - 21*x**2 - 4*x - 52. Calculate t(-21).
32
Let x(c) = -474*c + 2333. Determine x(5).
-37
Let n(v) = -135*v - 12. Give n(-2).
258
Let x(m) = -17*m - 1422. What is x(-83)?
-11
Let f(l) = 37*l + 194. Give f(-7).
-65
Let n(i) = -i**2 + 512*i - 4562. Calculate n(9).
-35
Let v(q) = -110*q**2 + 774*q - 29. What is v(7)?
-1
Let x(u) = -116*u + 413. Calculate x(3).
65
Let h(x) = -2*x**2 + 4*x - 67. What is h(5)?
-97
Let t(r) = -2*r**2 - 24*r - 86. Calculate t(-5).
-16
Let d(b) = -6*b**3 + b**2 - b + 1. Calculate d(1).
-5
Let y(j) = -89*j + 698. Determine y(8).
-14
Let j(w) = -w**3 - 6*w - 37. Give j(-5).
118
Let o(q) = -26*q + 459. Calculate o(42).
-633
Let o(b) = -5*b**2 - 81*b - 1. Calculate o(-16).
15
Let m(o) = 4721*o - 4701. Determine m(1).
20
Let p(f) = 2*f**2 - 61*f + 52. What is p(29)?
-35
Let w(u) = -202*u + 3654. Calculate w(18).
18
Let f(z) = -6*z**3 - 19*z**2 - z - 3. Give f(-3).
-9
Let g(y) = -764*y - 224614. Give g(-294).
2
Let j(l) = 2*l**3 - 17*l**2 + 22*l - 8. Determine j(7).
-1
Let q(u) = -u**2 - 26*u - 147. Determine q(-9).
6
Let m(g) = g**3 - 35*g**2 + 25*g + 205. Determine m(34).
-101
Let z(t) = -2*t**3 - 22*t**2 + 54*t - 22. Determine z(-13).
-48
Let g(k) = -17*k**2 - 210*k + 78. What is g(-13)?
-65
Let t(r) = r**2 + 27*r - 98. What is t(8)?
182
Let w(o) = -2*o**2 - 155*o + 154. What is w(-79)?
-83
Let i(v) = v**3 + 12*v**2 - 299*v + 139. What is i(12)?
7
Let k(n) = -n**2 + 30*n + 411. Give k(39).
60
Let d(z) = 9*z**3 + 4*z**2 - 9*z - 18. What is d(-2)?
-56
Let w(r) = 213*r + 18. What is w(0)?
18
Let x(p) = -p**2 + p + 307. Give x(18).
1
Let m(g) = g**2 + 56*g - 486. Give m(8).
26
Let a(l) = -354*l + 2121. Give a(6).
-3
Let r(f) = -27*f - 1278. Give r(-45).
-63
Let i(j) = 150*j + 37. Give i(-1).
-113
Let u(p) = 1118*p - 31313. Determine u(28).
-9
Let x(h) = -2*h**3 + 37*h**2 + 15*h - 36. Give x(19).
-112
Let s(o) = -30*o - 139. Give s(-9).
131
Let n(b) = 341*b - 2537. Give n(8).
191
Let y(f) = 3*f**2 + 168*f + 1765. Give y(-42).
1
Let a(o) = -o**2 + 41*o - 112. Determine a(38).
2
Let s(k) = 24*k - 544. What is s(28)?
128
Let s(c) = 18*c**2 - 13*c + 2. Calculate s(3).
125
Let v(w) = -w**3 + 7*w**2 - 6*w - 30. Give v(12).
-822
Let g(m) = 58*m - 70. Determine g(-2).
-186
Let j(y) = y**3 - 13*y**2 - 4*y - 132. Give j(14).
8
Let u(q) = 2*q**3 - 59*q**2 - 29*q. What is u(30)?
30
Let s(f) = -2*f**2 - 13*f + 776. Determine s(18).
-106
Let z(q) = 2*q**3 - 3*q**2 - 26*q + 17. Calculate z(6).
185
Let k(q) = q**3 - q**2 - 66*q - 47. What is k(9)?
7
Let i(g) = -8*g**2 - 70*g - 132. Determine i(-6).
0
Let o(u) = -u**3 + 4*u**2 - 132. What is o(10)?
-732
Let u(j) = -j**3 - 69*j**2 + 34*j + 15306. What is u(-66)?
-6
Let t(y) = 2*y**3 - 22*y**2 + 19*y - 15. What is t(10)?
-25
Let i(o) = 3*o**3 + 75*o**2 - 26*o - 632. Determine i(-25).
18
Let c(t) = -t**3 - 68*t**2 - 824*t + 37. Calculate c(-16).
-91
Let d(o) = 2593*o - 12967. Give d(5).
-2
Let v(t) = t**2 - 491*t - 1973. What is v(-4)?
7
Let q(o) = 68*o**2 - 317*o + 2. Calculate q(4).
-178
Let s(l) = 3*l - 110. What is s(17)?
-59
Let z(p) = -52*p + 243. Determine z(5).
-17
Let z(i) = i**3 - 49*i**2 - 151*i - 219. Determine z(52).
41
Let h(g) = 148*g - 9916. Calculate h(67).
0
Let l(k) = -49*k**2 - 944*k - 1118. What is l(-18)?
-2
Let q(r) = 3*r**2 - r + 13. Calculate q(-3).
43
Let g(a) = -a**2 - 164*a - 4221. Give g(-132).
3
Let h(m) = -m**2 - 41*m - 375. Calculate h(-13).
-11
Let o(p) = -18*p**2 - 5*p - 22. Determine o(-3).
-169
Let x(v) = 280*v - 12344. Calculate x(44).
-24
Let j(k) = -2*k**2 - 422*k - 2464. Determine j(-6).
-4
Let j(h) = -1287*h - 38603. What is j(-30)?
7
Let w(t) = -t**3 - t**2 + 75*t + 159. Determine w(-8).
7
Let k(f) = 239*f + 455. Give k(-2).
-23
Let q(z) = -z**3 + 139*z**2 - 2758*z - 238. What is q(115)?
-8
Let a(h) = -264*h - 5323. Give a(-20).
-43
Let z(t) = -4*t**2 + 5*t + 84. Give z(-9).
-285
Let g(k) = 2*k**3 - 27*k**2 + k - 13. Calculate g(5).
-433
Let b(x) = 3*x**2 + 20*x + 25. Determine b(-3).
-8
Let m(u) = -17*u + 76. Determine m(4).
8
Let y(a) = 12*a**3 + 2*a**2 + 10*a + 5. Calculate y(-2).
-103
Let r(n) = 40*n - 20. Calculate r(3).
100
Let y(a) = 493*a - 117. Calculate y(1).
376
Let z(l) = 151*l - 11178. Calculate z(74).
-4
Let s(o) = -o**3 - 17*o**2 + 31*o - 142. Give s(-19).
-9
Let w(i) = 26*i - 1285. Give w(51).
41
Let b(o) = o**3 + 7*o**2 - 15*o - 74. Calculate b(-6).
52
Let f(j) = -2*j**3 + 47*j**2 + 42*j - 332. Give f(24).
100
Let l(i) = 231*i + 924. Determine l(-4).
0
Let n(k) = -497*k - 14896. Give n(-30).
14
Let v(j) = j**3 - 18*j**2 - 39*j + 228. Calculate v(15).
-1032
Let i(g) = g**3 + 30*g**2 + 158*g - 118. Give i(-23).
-49
Let y(f) = -179*f - 30. What is y(2)?
-388
Let z(f) = -f**3 + 42*f**2 + 184*f + 24. Determine z(46).
24
Let s(m) = -1419*m + 12777. Determine s(9).
6
Let i(c) = -2153*c - 8601. Give i(-4).
11
Let p(x) = x**2 + 4*x + 25. Calculate p(-8).
57
Let s(t) = -t**3 - 41*t**2 - 54*t - 4003. What is s(-42)?
29
Let w(k) = -k**2 + 179*k + 4236. Calculate w(200).
36
Let o(y) = -12*y + 419. Determine o(32).
35
Let k(r) = r**3 + 80*r**2 + 2*r + 140. Give k(-80).
-20
Let f(d) = d**3 - 5*d**2 + 13*d - 17. Give f(2).
-3
Let l(p) = p**3 + 6*p**2 - 27*p - 14. Calculate l(-9).
-14
Let c(x) = 44*x**2 - 2246*x - 24. Calculate c(51).
-126
Let d(q) = 3*q**2 - 15*q - 23. Determine d(-8).
289
Let n(r) = 66*r - 1921. Calculate n(29).
-7
Let k(j) = -j - 114. Determine k(-25).
-89
Let y(f) = f**2 - 1004*f - 17353. Determine y(-17).
4
Let s(r) = 14*r - 75. Calculate s(10).
65
Let f(q) = q**3 + 7*q**2 + 26*q + 25. Determine f(-7).
-157
Let a(x) = -23*x + 506. Determine a(22).
0
Let f(s) = -160*s + 10212. What is f(64)?
-28
Let n(s) = 2*s**3 - 5*s**2 - 8*s + 75. Give n(7).
460
Let z(t) = -489*t - 3293. What is z(-7)?
130
Let i(h) = 3*h**2 - 97*h - 1092. Calculate i(41).
-26
Let p(j) = -3*j**2 - 61*j - 245. Determine p(-13).
41
Let g(b) = -89*b**2 - 2402*b + 30. Calculate g(-27).
3
Let v(x) = -x**3 + 58*x**2 + 527*x + 69. Determine v(66).
3
Let d(j) = j**2 - 182*j - 2504. What is d(-13)?
31
Let d(x) = -x**2 + 61*x + 182. Calculate d(-3).
-10
Let x(o) = -10*o**3 - 52*o**2 - 648*o - 3196. Determine x(-5).
-6
Let v(a) = 6*a + 93. What is v(11)?
159
Let b(d) = d**2 + 16*d + 33. Determine b(-10).
-27
Let k(b) = -13*b**2 - 1366*b - 51. Determine k(-105).
54
Let p(o) = o**2 + 102*o + 3. Give p(0).
3
Let m(i) = i**3 + 8*i**2 - 24*i - 44. What is m(-10)?
-4
Let l(n) = -2*n**3 - 29*n**2 - 8*n + 22. Calculate l(-15).
367
Let y(p) = 126*p - 7416. What is y(59)?
18
Let y(q) = -q**3 - 17*q**2 - 74*q - 7. What is y(-10)?
33
Let t(k) = -2*k**2 + 6*k + 170. Determine t(11).
-6
Let d(i) = -2*i**2 - 80*i - 160. Calculate d(-38).
-8
Let g(j) = 56*j**2 + 4305*j - 542. Determine g(-77).
-3
Let x(n) = 5*n**2 - 74*n - 17. Determine x(16).
79
Let r(z) = -38*z + 539. What is r(15)?
-31
Let g(d) = d**3 - 58*d**2 - 9*d + 562. Give g(58).
40
Let q(m) = 3*m**2 + 104*m + 1489. What is q(-17)?
588
Let p(q) = -97*q + 304. Give p(3).
13
Let t(j) = -j**3 - 89*j**2 - 88*j + 39. What is t(-88)?
39
Let f(m) = -m**3 + 19*m**2 - 27*m - 180. Determine f(16).
156
Let k(p) = 382*p - 17. Give k(0).
-17
Let o(c) = 3*c**3 - 3*c**2 - 51*c + 58. Calculate o(1).
7
Let y(m) = 51*m + 853. Give y(-18).
-65
Let c(b) = 7*b**2 - 68*b - 11. Determine c(10).
9
Let t(p) = 31*p - 2112. Determine t(69).
27
Let i(r) = -r**3 + 6*r**2 + 16*r + 1. Give i(8).
1
Let i(h) = 1988*h - 131198. Give i(66).
10
Let x(o) = -o**2 - 157*o - 1160. Determine x(-150).
-110
Let n(u) = u**3 - 72*u**2 + 340*u - 321.